nits digit of 364408688?
8
What is the tens digit of 10184703?
0
What is the hundred thousands digit of 2691601482?
6
What is the ten millions digit of 1953021018?
5
What is the ten millions digit of 14697430?
1
What is the units digit of 69062117?
7
What is the tens digit of 3801226767?
6
What is the ten millions digit of 1211810783?
1
What is the hundreds digit of 79005094?
0
What is the millions digit of 60490014?
0
What is the tens digit of 45872921?
2
What is the hundred thousands digit of 326700700?
7
What is the thousands digit of 61599743?
9
What is the millions digit of 221946580?
1
What is the units digit of 35453459?
9
What is the ten thousands digit of 3365926529?
2
What is the tens digit of 261463726?
2
What is the hundred thousands digit of 42193905?
1
What is the ten millions digit of 33123404?
3
What is the billions digit of 1122311330?
1
What is the units digit of 144301013?
3
What is the hundred thousands digit of 65013658?
0
What is the units digit of 219325247?
7
What is the ten thousands digit of 2022081603?
8
What is the tens digit of 57789633?
3
What is the millions digit of 189080925?
9
What is the thousands digit of 147817269?
7
What is the thousands digit of 56711626?
1
What is the thousands digit of 100203884?
3
What is the tens digit of 1951858180?
8
What is the millions digit of 183021661?
3
What is the millions digit of 404638428?
4
What is the ten millions digit of 159101610?
5
What is the ten thousands digit of 156110738?
1
What is the thousands digit of 496810018?
0
What is the units digit of 1550269670?
0
What is the thousands digit of 2912331602?
1
What is the ten millions digit of 47270873?
4
What is the tens digit of 1843532?
3
What is the hundreds digit of 521520771?
7
What is the tens digit of 2032224224?
2
What is the hundreds digit of 67969206?
2
What is the hundreds digit of 163259356?
3
What is the thousands digit of 4876181813?
1
What is the hundreds digit of 448251198?
1
What is the tens digit of 297815636?
3
What is the hundred thousands digit of 93375573?
3
What is the units digit of 201900374?
4
What is the hundred millions digit of 274109267?
2
What is the thousands digit of 7295706060?
6
What is the millions digit of 1529686043?
9
What is the hundred thousands digit of 911120001?
1
What is the hundred thousands digit of 126131875?
1
What is the hundreds digit of 30297840?
8
What is the ten thousands digit of 868957188?
5
What is the millions digit of 90630763?
0
What is the thousands digit of 22938181?
8
What is the hundreds digit of 5522067476?
4
What is the millions digit of 131841296?
1
What is the millions digit of 13953370?
3
What is the millions digit of 6242250987?
2
What is the millions digit of 40314362?
0
What is the thousands digit of 20192578?
2
What is the millions digit of 111037764?
1
What is the ten thousands digit of 491023152?
2
What is the thousands digit of 52217791?
7
What is the thousands digit of 22335821?
5
What is the hundred millions digit of 231972265?
2
What is the ten millions digit of 1214291021?
1
What is the hundred thousands digit of 193113069?
1
What is the millions digit of 55471673?
5
What is the thousands digit of 276483115?
3
What is the millions digit of 31671036?
1
What is the millions digit of 13182045?
3
What is the millions digit of 43849622?
3
What is the hundred thousands digit of 214466012?
4
What is the units digit of 6505906836?
6
What is the ten thousands digit of 1355908661?
0
What is the ten millions digit of 331420380?
3
What is the tens digit of 115255437?
3
What is the units digit of 552396337?
7
What is the thousands digit of 174898292?
8
What is the ten thousands digit of 49140657?
4
What is the hundred millions digit of 1500261377?
5
What is the hundreds digit of 2736065721?
7
What is the hundred millions digit of 153805665?
1
What is the hundred millions digit of 469850929?
4
What is the hundreds digit of 48280402?
4
What is the thousands digit of 4359274017?
4
What is the ten millions digit of 173869307?
7
What is the ten millions digit of 3728327598?
2
What is the hundred thousands digit of 1388049778?
0
What is the ten millions digit of 5313877614?
1
What is the millions digit of 312700951?
2
What is the ten millions digit of 56901113?
5
What is the millions digit of 1016545462?
6
What is the hundreds digit of 4601843194?
1
What is the millions digit of 2193490263?
3
What is the ten thousands digit of 305753543?
5
What is the millions digit of 961513857?
1
What is the hundred thousands digit of 49723617?
7
What is the billions digit of 1549533095?
1
What is the hundred millions digit of 1815413769?
8
What is the hundred millions digit of 1184020500?
1
What is the millions digit of 1296622159?
6
What is the thousands digit of 851857046?
7
What is the units digit of 38235161?
1
What is the ten thousands digit of 323288870?
8
What is the millions digit of 230559668?
0
What is the thousands digit of 4658094?
8
What is the millions digit of 922238717?
2
What is the ten thousands digit of 261040268?
4
What is the hundred millions digit of 856557546?
8
What is the units digit of 40668494?
4
What is the hundred millions digit of 1328996602?
3
What is the units digit of 21686072?
2
What is the thousands digit of 1324602833?
2
What is the thousands digit of 60818537?
8
What is the hundreds digit of 1541035868?
8
What is the thousands digit of 112229642?
9
What is the millions digit of 779047376?
9
What is the ten thousands digit of 2919545276?
4
What is the millions digit of 106403120?
6
What is the thousands digit of 52246745?
6
What is the hundreds digit of 2214755531?
5
What is the ten thousands digit of 2148652911?
5
What is the hundreds digit of 119193805?
8
What is the millions digit of 479656214?
9
What is the units digit of 107725836?
6
What is the hundred millions digit of 883160448?
8
What is the ten thousands digit of 88398216?
9
What is the hundred thousands digit of 1238632?
2
What is the thousands digit of 78455135?
5
What is the ten thousands digit of 2175427718?
2
What is the hundreds digit of 21743717?
7
What is the millions digit of 153414951?
3
What is the ten thousands digit of 4474174159?
7
What is the millions digit of 540988777?
0
What is the ten millions digit of 4083457011?
8
What is the ten millions digit of 1457835489?
5
What is the ten thousands digit of 108360084?
6
What is the tens digit of 224590111?
1
What is the hundreds digit of 118863955?
9
What is the tens digit of 909532525?
2
What is the tens digit of 78230586?
8
What is the millions digit of 468283939?
8
What is the hundred thousands digit of 196417937?
4
What is the millions digit of 262895426?
2
What is the millions digit of 51431393?
1
What is the hundred thousands digit of 1639478297?
4
What is the ten thousands digit of 71353484?
5
What is the ten millions digit of 514066470?
1
What is the ten millions digit of 17521140?
1
What is the hundreds digit of 55061355?
3
What is the ten thousands digit of 66435190?
3
What is the ten thousands digit of 710671374?
7
What is the ten thousands digit of 424883185?
8
What is the ten millions digit of 629146302?
2
What is the units digit of 117432353?
3
What is the tens digit of 5444322582?
8
What is the hundred millions digit of 7295995379?
2
What is the hundred thousands digit of 40549207?
5
What is the millions digit of 550678178?
0
What is the ten thousands digit of 1565330550?
3
What is the millions digit of 105869866?
5
What is the ten thousands digit of 1494953583?
5
What is the tens digit of 58547110?
1
What is the hundred millions digit of 393069055?
3
What is the thousands digit of 505548508?
8
What is the ten millions digit of 258629882?
5
What is the thousands digit of 59867817?
7
What is the thousands digit of 56352728?
2
What is the hundred millions digit of 783200799?
7
What is the units digit of 29876127?
7
What is the hundred millions digit of 4219500711?
2
What is the tens digit of 555303716?
1
What is the hundred millions digit of 657684822?
6
What is the tens digit of 3455939702?
0
What is the hundreds digit of 4976769721?
7
What is the ten thousands digit of 529704476?
0
What is the millions digit of 8989915516?
9
What is the tens digit of 535949018?
1
What is the tens digit of 463538776?
